b) = 23*b**2 + 65*b - 7. Give g(-3).
5
Let o(q) = -q**2 - 3*q + 6. What is o(-6)?
-12
Let q(k) = k**2 - 14*k - 51. Calculate q(17).
0
Let j(b) = b**2 + 20*b + 24. Calculate j(-16).
-40
Let d(j) = -7*j - 24. Determine d(7).
-73
Let u(s) = s - 12. Give u(-8).
-20
Let j(c) = -c**3 - 4*c**2 + 2*c + 3. Determine j(-4).
-5
Let j(h) = h**2 + 12*h - 5. Determine j(-12).
-5
Let w(c) = -10*c + 4. Give w(-3).
34
Let r(c) = -28*c**3 + 2*c**2 - 3*c - 4. Give r(-1).
29
Let o(a) = -69*a + 282. Determine o(4).
6
Let p(t) = 5*t**2 - 2*t - 2. Calculate p(2).
14
Let k(t) = t**3 + 6. What is k(0)?
6
Let i(o) = 4*o - 2. Calculate i(1).
2
Let g(l) = 2*l**3 - 2*l**2 - 9*l + 9. Calculate g(4).
69
Let r(u) = -2*u**2 - u - 9. What is r(0)?
-9
Let w(p) = 2*p**2 - 4*p - 3. Determine w(-2).
13
Let m(j) = -j**3 + 12*j**2 - 11*j - 16. Determine m(11).
-16
Let j(t) = 2*t**3 - 4*t**2 + 5*t + 4. Determine j(4).
88
Let w(h) = 2*h**2 + 57*h - 22. Calculate w(-29).
7
Let g(r) = 25*r - 546. What is g(22)?
4
Let m(a) = 16*a - 107. Determine m(8).
21
Let r(o) = -2*o + 3. Give r(3).
-3
Let a(i) = i**3 - 9*i**2 - 6*i + 24. Calculate a(9).
-30
Let u(j) = 4*j**2 - 7*j - 1. What is u(-3)?
56
Let w(h) = 10*h + 83. Give w(-13).
-47
Let a(r) = r - 1. Give a(8).
7
Let v(z) = -z**3 + 15*z**2 + z - 9. What is v(15)?
6
Let t(z) = -z**2 - 8*z - 6. Give t(-4).
10
Let x(l) = -l**3 + 5*l**2 - 3*l - 5. Give x(3).
4
Let i(h) = -147*h + 9. What is i(0)?
9
Let v(h) = 5*h + 2. Calculate v(-1).
-3
Let n(w) = -18*w + 248. Give n(14).
-4
Let m(k) = -2*k**3 - 4*k**2 - 7*k - 6. Calculate m(-4).
86
Let a(n) = n**3 + 16*n**2 + 27*n - 11. Calculate a(-14).
3
Let i(h) = 2*h**2 - 15*h + 4. What is i(10)?
54
Let f(t) = -t**3 - 7*t**2 + 8*t + 40. Calculate f(-7).
-16
Let v(z) = -z**3 - 11*z**2 - 6. What is v(-11)?
-6
Let c(h) = -h**3 + 10*h**2 - 19*h + 22. Calculate c(9).
-68
Let u(l) = 3*l - 98. Determine u(42).
28
Let s(q) = -12*q**3 - 60*q**2 - 2*q - 2. Calculate s(-5).
8
Let s(v) = v**2 - 13*v. What is s(12)?
-12
Let b(j) = 10*j - 3. Give b(2).
17
Let y(t) = -t**2 + 8*t - 8. What is y(4)?
8
Let c(y) = 74*y + 376. Give c(-5).
6
Let b(z) = -2*z**2 - 30*z - 14. Give b(-13).
38
Let q(w) = w**2 - 12*w - 22. What is q(13)?
-9
Let o(w) = -7*w + 75. Give o(10).
5
Let t(b) = -3*b - 7. Calculate t(6).
-25
Let j(i) = i - 9. Determine j(7).
-2
Let r(v) = -v**3 + 9*v**2 - 20*v + 23. What is r(6)?
11
Let n(l) = 8*l - 1. Give n(3).
23
Let s(p) = -2*p + 2. What is s(10)?
-18
Let v(z) = z**2 + 25*z - 170. What is v(6)?
16
Let l(n) = -n**3 - 22*n**2 - 20*n + 13. What is l(-21)?
-8
Let l(d) = -3*d**2 + 11*d - 4. Calculate l(4).
-8
Let o(q) = 59*q**3 + q**2 + 1. Determine o(1).
61
Let m(t) = -t**3 - 5*t**2 + 3*t + 5. Give m(-5).
-10
Let m(p) = -6*p - 8. What is m(-3)?
10
Let v(j) = j**2 - 6*j - 4. Give v(6).
-4
Let g(b) = -b**2 + 3*b - 4. What is g(3)?
-4
Let l(t) = t**2 - 8*t + 14. What is l(7)?
7
Let y(z) = -4*z + 27. What is y(8)?
-5
Let m(p) = p**3 + 16*p**2 + 16*p + 20. Calculate m(-15).
5
Let a(n) = -4*n**3 + 2*n**2 + 4*n + 2. What is a(-2)?
34
Let o(u) = 4*u**2 - 2*u + 10. What is o(0)?
10
Let k(h) = -h**3 + 60*h**2 - 116*h + 2. Give k(58).
2
Let r(s) = -3*s**2 + 7*s + 63. Give r(8).
-73
Let h(t) = -5*t**2 - 5. What is h(-2)?
-25
Let j(q) = q**2 + 9*q + 15. Calculate j(-5).
-5
Let h(m) = -m**3 - 17*m**2 + 20*m + 16. What is h(-18)?
-20
Let j(u) = -20*u + 37. Calculate j(3).
-23
Let f(t) = -t**2 + 2*t + 8. Give f(-3).
-7
Let p(a) = -a**2 - 5*a + 8. Give p(-4).
12
Let i(d) = -2*d - 19. Determine i(-7).
-5
Let j(w) = 4*w + 6. Determine j(18).
78
Let j(h) = -3*h**2 - 7*h + 16. Determine j(-5).
-24
Let z(c) = c**2 - 23*c - 62. Give z(24).
-38
Let y(k) = -11*k - 4. Give y(-4).
40
Let o(a) = 6*a**2 + 122*a + 30. What is o(-20)?
-10
Let y(t) = 24*t**3 - t**2. What is y(1)?
23
Let p(n) = -n**2 + 13. Calculate p(0).
13
Let n(p) = p - 23. Determine n(11).
-12
Let s(r) = r**3 - 2*r + 1. What is s(1)?
0
Let w(s) = s**2 + s + 6. Determine w(7).
62
Let c(o) = -5*o + 15. Calculate c(-14).
85
Let i(z) = -z**2 + 3*z - 5. Calculate i(4).
-9
Let n(u) = u**2 + 26*u - 112. Give n(-30).
8
Let q(t) = -2*t**2 + 19*t + 4. Calculate q(10).
-6
Let o(u) = -u**3 - 13*u**2 + 46*u - 35. What is o(-16)?
-3
Let y(d) = -d + 3. Give y(-4).
7
Let n(f) = -4*f + 4. Calculate n(-11).
48
Let a(d) = d**2 - 9*d + 7. Determine a(9).
7
Let v(n) = -n**3 + 4*n**2 + 14*n - 18. Calculate v(6).
-6
Let n(b) = -15*b - 16. Give n(-4).
44
Let b(w) = -w**3 - 5*w**2 + 6*w + 31. Calculate b(-4).
-9
Let o(j) = -2*j + 12. Determine o(14).
-16
Let x(y) = -6*y + 16. Give x(4).
-8
Let t(r) = -r**3 - 3*r**2 + 2*r + 7. Determine t(-3).
1
Let t(q) = q**3 - 3*q**2 + 16*q - 46. What is t(3)?
2
Let x(q) = -80*q + 63. Determine x(1).
-17
Let m(i) = 66*i**2 + 2*i + 2. Determine m(-1).
66
Let b(y) = -8*y + 5. Determine b(2).
-11
Let c(q) = q**2 + 2*q - 205. What is c(13)?
-10
Let r(n) = -n**3 + n**2 + 2*n - 2. Determine r(3).
-14
Let p(l) = -6*l - 16. Determine p(-5).
14
Let k(m) = -m**2 - 20*m - 4. What is k(-2)?
32
Let r(o) = -o - 2. Give r(-5).
3
Let i(t) = 2*t**2 + 12*t - 34. Determine i(-8).
-2
Let j(o) = o**3 + 2*o**2 - o - 49. Determine j(0).
-49
Let o(a) = a**3 - 7*a**2 + 5*a + 1. What is o(6)?
-5
Let a(s) = 7*s - 2. Determine a(-2).
-16
Let r(y) = -2*y**3 + y**2 + 7*y - 1. Give r(3).
-25
Let g(u) = u**2 - 2*u + 1. What is g(2)?
1
Let n(h) = -h**3 + 4*h**2 + 1. Determine n(3).
10
Let m(n) = -n**2 - 38*n - 83. Calculate m(-35).
22
Let r(s) = 3*s + 16. What is r(-5)?
1
Let v(x) = -x**3 - 4*x**2 - 4*x - 6. Give v(-3).
-3
Let w(n) = 5*n**2 - 3*n + 2. Determine w(-3).
56
Let x(w) = -w**3 + 16*w**2 - 29*w - 1. Give x(14).
-15
Let a(c) = 2*c**3 + 14*c**2 + 10*c - 18. Determine a(-6).
-6
Let f(v) = -v**3 - 10*v**2 - 8*v + 15. What is f(-9)?
6
Let l(u) = u**2 - 3*u + 11. Calculate l(3).
11
Let r(p) = p**2 + 9*p + 2. Give r(-4).
-18
Let a(z) = z - 1. Calculate a(-14).
-15
Let k(a) = a**2 + 10*a - 15. What is k(-12)?
9
Let l(m) = -2*m**2 + 61*m + 533. Determine l(-7).
8
Let t(h) = -h - 32. Give t(8).
-40
Let i(t) = 2*t + 8. Determine i(-2).
4
Let b(t) = 55*t - 490. Give b(9).
5
Let i(n) = -4*n + 6. What is i(3)?
-6
Let j(d) = 7*d**3 - d**2 - d + 2. Calculate j(1).
7
Let s(o) = o**2 - 23*o + 19. Calculate s(19).
-57
Let s(u) = -u**3 - 8*u**2 - 4*u + 14. Calculate s(-7).
-7
Let q(v) = -v + 43. What is q(-9)?
52
Let v(p) = -p**2 + 8*p + 8. What is v(10)?
-12
Let n(i) = -i**2 + 24*i - 57. What is n(22)?
-13
Let t(u) = u**2 - 5*u - 4. Calculate t(6).
2
Let i(a) = a**2 + 6*a - 8. Give i(-9).
19
Let r(q) = -q**3 - 19*q**2 - 8*q - 15. What is r(-18)?
-195
Let o(s) = -s**3 + 6*s**2 - 12. Calculate o(6).
-12
Let g(j) = 2*j**3 + 15*j**2 + 12*j + 32. Determine g(-7).
-3
Let b(w) = 2*w - 38. Calculate b(10).
-18
Let u(s) = -2*s**2 + 26*s - 49. Determine u(11).
-5
Let y(f) = 2*f - 14. Give y(10).
6
Let s(g) = g**3 - 22*g**2 + 21*g - 3. What is s(21)?
-3
Let n(p) = 4*p**2 - 10*p - 2. Determine n(3).
4
Let t(k) = -k**3 - 3*k**2 + 6*k - 3. Give t(-5).
17
Let b(k) = 8*k + 26. Calculate b(5).
66
Let o(m) = -m**2 - 7*m. What is o(-3)?
12
Let f(r) = 3*r. Determine f(-6).
-18
Let d(x) = 8*x + 77. Determine d(-10).
-3
Let q(i) = 4*i**2 - 10*i - 2. What is q(3)?
4
Let u(r) = -6*r**2 + 7*r + 16. Calculate u(2).
6
Let s(q) = -2*q + 13. Calculate s(7).
-1
Let j(b) = b**3 - 24*b**2 - 181*b + 31. What is j(30)?
1
Let w(d) = 6*d - 128. Give w(33).
70
Let b(q) = -2*q - 3. Calculate b(-9).
15
Let l(z) = -2*z**3 - 24*z**2 + 27*z + 16. Give l(-13).
3
Let h(v) = 10*v - 21. Calculate h(7).
49
Let y(u) = -4*u**2 - 37*u + 74. What is y(2)?
-16
Let x(p) = p**2 + 3*p + 6. What is x(6)?
60
Let s(g) = g**3 - 4*g**2 - 7*g + 16. Calculate s(5).
6
Let n(g) = -3*g - 40. Determine n(-5).
-25
Let d(r) = -r**3 + 6*r**2 - 3*r + 4. Determine d(3).
22
Let x(n) = -7*n**3 - n**2 - 3*n - 1. Determine x(-2).
57
Let a(l) = l**3 + 11*l**2 + 25*l + 20. What is a(-8)?
12
Let b(i) = -i**3 + 8*i**2 + 2*i + 1. What is b(8)?
17
Let i(k) = k**3 - 6*k + 7. What is i(3)?
16
Let w(h) = -h**2 - 3*h + 6. Calculate w(2).
-4
Let q(d) = -d + 2. What is q(5)?
-3
Let u(s) = -s**3 - 21*s**2 + 22*s - 6. Give u(-22).
-6
Let w(q) = -10*q - 7. Calculate w(0).
-7
Let h(d) = -d**3 + 19*d**2 - 19*d + 26. What is h(18)?
8
Let l(g) = -2*g**2 - 16*g - 5. Determine l(-11).
-71